{"id":7,"date":"2015-02-10T19:21:05","date_gmt":"2015-02-10T19:21:05","guid":{"rendered":"http:\/\/theme-fusion.com\/avada_demos\/architecture\/?page_id=7"},"modified":"2021-11-18T15:04:12","modified_gmt":"2021-11-18T15:04:12","slug":"home","status":"publish","type":"page","link":"https:\/\/a3at.com\/","title":{"rendered":"Home"},"content":{"rendered":"<div class=\"wpb-content-wrapper\"><p>[vc_row][vc_column][vc_column_text]<div class=\"fusion-fullwidth fullwidth-box fusion-fullwidth-1  fusion-parallax-none nonhundred-percent-fullwidth\" style=\"border-color:#eae9e9;border-bottom-width: 0px;border-top-width: 0px;border-bottom-style: solid;border-top-style: solid;padding-bottom:30px;padding-top:70px;padding-left:0px;padding-right:0px;\" id=\"home-bg\"><style type=\"text\/css\" scoped=\"scoped\">.fusion-fullwidth-1 {\n                            padding-left: 0px !important;\n                            padding-right: 0px !important;\n                        }<\/style><div class=\"fusion-row\"><div class=\"fusion-one-half fusion-layout-column fusion-column-inner-bg-wrapper fusion-spacing-yes\" style=\"margin-top:0px;margin-bottom:0px;\"><div class=\"fusion-column-wrapper\" style=\"padding:30px;\" data-bg-url=\"https:\/\/a3at.com\/wp-content\/uploads\/2015\/02\/home-2-205x300.jpg\"><div class=\"fusion-column-table\"><div class=\"fusion-column-tablecell\"><div class=\"fusion-sep-clear\"><\/div><div class=\"fusion-separator fusion-full-width-sep sep-none\" style=\"border-color:#e0dede;margin-left: auto;margin-right: auto;margin-top:40px;\"><\/div><h2 style=\"text-align: center;\"><span style=\"color: #ffffff;\">Mestre D&#8217;obres<\/span><\/h2>\n<div class=\"fusion-sep-clear\"><\/div><div class=\"fusion-separator fusion-full-width-sep sep-none\" style=\"border-color:#e0dede;margin-left: auto;margin-right: auto;margin-top:40px;\"><\/div><h2 style=\"text-align: center;\"><span style=\"color: #ffffff;\">Aparellador<\/span><\/h2>\n<div class=\"fusion-sep-clear\"><\/div><div class=\"fusion-separator fusion-full-width-sep sep-none\" style=\"border-color:#e0dede;margin-left: auto;margin-right: auto;margin-top:40px;\"><\/div><h2 style=\"text-align: center;\"><span style=\"color: #ffffff;\">Arquitecte T\u00e8cnic<\/span><\/h2>\n<div class=\"fusion-sep-clear\"><\/div><div class=\"fusion-separator fusion-full-width-sep sep-none\" style=\"border-color:#e0dede;margin-left: auto;margin-right: auto;margin-top:40px;\"><\/div><h2 style=\"text-align: center;\"><span style=\"color: #ffffff;\">Enginyer d&#8217;edificaci\u00f3<\/span><\/h2>\n<div class=\"fusion-sep-clear\"><\/div><div class=\"fusion-separator fusion-full-width-sep sep-none\" style=\"border-color:#e0dede;margin-left: auto;margin-right: auto;margin-top:20px;\"><\/div><div class=\"fusion-clearfix\"><\/div><\/div><\/div><\/div><span class=\"fusion-column-inner-bg hover-type-zoomin\"><a ><span class=\"fusion-column-inner-bg-image\" style=\"background:url(https:\/\/a3at.com\/wp-content\/uploads\/2015\/02\/home-2-205x300.jpg) center center no-repeat ;-webkit-background-size:cover;-moz-background-size:cover;-o-background-size:cover;background-size:cover;\"><\/span><\/a><\/span><\/div><div class=\"fusion-one-half fusion-layout-column fusion-column-last fusion-spacing-yes contenido-home\" style=\"margin-top:0px;margin-bottom:20px;\"><div class=\"fusion-column-wrapper\"><div class=\"fusion-column-table\"><div class=\"fusion-column-tablecell\"><div class=\"fusion-title title fusion-title-size-two\" style=\"margin-top:50px;\"><h2 class=\"title-heading-left\">\n<h2 style=\"font-size: 35px; line-height: 60px;\"><strong>L\u2019ARQUITECTURA T\u00c8CNICA<\/strong><\/h2>\n<\/h2><div class=\"title-sep-container\"><div class=\"title-sep sep-single\"><\/div><\/div><\/div><p style=\"text-align: justify;\"><strong><span style=\"color: #333333;\">Gesti\u00f3 i lideratge en tot el proc\u00e9s de l\u2019edificaci\u00f3.<\/span><\/strong><br \/>\n<strong> <span style=\"color: #333333;\"> Professionals vers\u00e0tils, de reconeguda solv\u00e8ncia resolutiva&nbsp;i al servei de la societat.<\/span><\/strong><br \/>\n<strong> <span style=\"color: #333333;\"> T\u00e8cnics amb les compet\u00e8ncies necess\u00e0ries per ser indispensables en tots els \u00e0mbits de l\u2019Arquitectura i la Construcci\u00f3.<\/span><\/strong><br \/>\n<strong> <span style=\"color: #333333;\"> Evolucionem conjuntament amb el sector, amb capacitat d\u2019adaptaci\u00f3 als canvis.<\/span><\/strong><\/p>\n<p style=\"text-align: left;\"><span style=\"color: #333333;\"><strong>\u2022 Capacitat de negociaci\u00f3 per aconseguir objectius<\/strong><\/span><br \/>\n<strong> <span style=\"color: #333333;\"> \u2022 Fomentar la cooperaci\u00f3 entre les diferents parts implicades<\/span><\/strong><br \/>\n<strong> <span style=\"color: #333333;\"> \u2022 Perseveran\u00e7a per obtenir resultats<\/span><\/strong><br \/>\n<strong> <span style=\"color: #333333;\"> \u2022 Coher\u00e8ncia en les decisions<\/span><\/strong><br \/>\n<strong> <span style=\"color: #333333;\"> \u2022 Organitzaci\u00f3 per optimitzar la feina<\/span><\/strong><br \/>\n<strong> <span style=\"color: #333333;\"> \u2022 Rigor i \u00e8tica professional<\/span><\/strong><\/p>\n<div class=\"alignright\"><div class=\"fusion-social-links\"><div class=\"fusion-social-networks\"><div class=\"fusion-social-networks-wrapper\"><a class=\"fusion-social-network-icon fusion-tooltip fusion-twitter fusion-icon-twitter\" target=\"_blank\" href=\"https:\/\/twitter.com\/a3at_equip\" style=\"color:#242930;\" data-placement=\"left\" data-title=\"Twitter\" data-toggle=\"tooltip\" title=\"Twitter\"><\/a><\/div><\/div><\/div><\/div><div class=\"fusion-clearfix\"><\/div><\/div><\/div><\/div><\/div><div class=\"fusion-clearfix\"><\/div><\/div><\/div><div class=\"fusion-fullwidth fullwidth-box fusion-fullwidth-2  fusion-parallax-none nonhundred-percent-fullwidth\" style=\"border-color:#eae9e9;border-bottom-width: 0px;border-top-width: 0px;border-bottom-style: solid;border-top-style: solid;padding-bottom:50px;padding-top:0px;padding-left:0px;padding-right:0px;\"><style type=\"text\/css\" scoped=\"scoped\">.fusion-fullwidth-2 {\n                            padding-left: 0px !important;\n                            padding-right: 0px !important;\n                        }<\/style><div class=\"fusion-row\"><div class=\"fusion-one-full fusion-layout-column fusion-column-last fusion-spacing-yes\" style=\"margin-top:0px;margin-bottom:50px;\"><div class=\"fusion-column-wrapper\"><div class=\"fusion-title title fusion-title-size-two\"><h2 class=\"title-heading-left\">\n<h2 style=\"font-size: 35px; line-height: 60px;\">PROJECTES DE REFER\u00c8NCIA<\/h2>\n<\/h2><div class=\"title-sep-container\"><div class=\"title-sep sep-single\"><\/div><\/div><\/div><div class=\"fusion-clearfix\"><\/div><\/div><\/div><div class=\"fusion-clearfix\"><\/div><div class=\"fusion-recent-works fusion-recent-works-1 fusion-recent-works-grid fusion-portfolio fusion-portfolio-three fusion-portfolio-unboxed fusion-animated\" data-id=\"-rw-1\" data-columns=\"three\" data-animationType=\"fadeInDown\" data-animationDuration=\"1\" data-animationOffset=\"100%\"><style type=\"text\/css\">.fusion-recent-works-1 .fusion-portfolio-wrapper .fusion-col-spacing{padding:15px;}<\/style><div class=\"fusion-portfolio-wrapper\" id=\"fusion-recent-works-1\" data-picturesize=\"auto\" style=\"margin: -15px;\"><div class=\"fusion-portfolio-post home fusion-col-spacing\"><div class=\"fusion-portfolio-content-wrapper\"><span class=\"entry-title\" style=\"display: none;\">Oficina<\/span><span class=\"vcard\" style=\"display: none;\"><span class=\"fn\"><a href=\"https:\/\/a3at.com\/index.php\/author\/a3at\/\" title=\"Entrades de A3at -\" rel=\"author\">A3at -<\/a><\/span><\/span><span class=\"updated\" style=\"display:none;\">2016-04-19T19:07:58+00:00<\/span><div class=\"fusion-image-wrapper\" aria-haspopup=\"true\"><img loading=\"lazy\" decoding=\"async\" width=\"369\" height=\"246\" src=\"https:\/\/a3at.com\/wp-content\/uploads\/2016\/04\/Portada_1-4.jpg\" class=\"attachment-full size-full wp-post-image\" alt=\"\" srcset=\"https:\/\/a3at.com\/wp-content\/uploads\/2016\/04\/Portada_1-4.jpg 369w, https:\/\/a3at.com\/wp-content\/uploads\/2016\/04\/Portada_1-4-300x200.jpg 300w\" sizes=\"(max-width: 369px) 100vw, 369px\" \/>\t\t<div class=\"fusion-rollover\">\n\t\t\t<div class=\"fusion-rollover-content\">\n\n\t\t\t\t\n\t\t\t\t\t\t\t\t\t\t\t<a class=\"fusion-rollover-link\" href=\"https:\/\/a3at.com\/index.php\/portfolio\/oficina\/\">Permalink<\/a>\n\t\t\t\t\t\n\t\t\t\t\t\t\t\t\t\t\t\n\t\t\t\t\t\t\t\t\t\t\t\t\t<div class=\"fusion-rollover-sep\"><\/div>\n\t\t\t\t\t\t\n\t\t\t\t\t\t\t\t\t\t\t\t\t\t\t\t\t\t\t\t<a class=\"fusion-rollover-gallery\" href=\"https:\/\/a3at.com\/wp-content\/uploads\/2016\/04\/Portada_1-4.jpg\" data-id=\"863\" data-rel=\"iLightbox[gallery-rw-1]\" data-title=\"Portada_1\" data-caption=\"\">Gallery<\/a>\t\t\t\t\t\t\t\t\t\t\t\t\t\t\t\n\t\t\t\t\t\t\t\t\t<h4 class=\"fusion-rollover-title\"><a href=\"https:\/\/a3at.com\/index.php\/portfolio\/oficina\/\">Oficina<\/a><\/h4>\n\t\t\t\t\n\t\t\t\t\n\t\t\t\t\n\t\t\t\t\n\t\t\t\t\n\t\t\t\t\t\t\t<\/div>\n\t\t<\/div>\n\t\t<\/div><\/div><\/div><div class=\"fusion-portfolio-post home fusion-col-spacing\"><div class=\"fusion-portfolio-content-wrapper\"><span class=\"entry-title\" style=\"display: none;\">Residencial<\/span><span class=\"vcard\" style=\"display: none;\"><span class=\"fn\"><a href=\"https:\/\/a3at.com\/index.php\/author\/a3at\/\" title=\"Entrades de A3at -\" rel=\"author\">A3at -<\/a><\/span><\/span><span class=\"updated\" style=\"display:none;\">2016-04-19T19:02:07+00:00<\/span><div class=\"fusion-image-wrapper\" aria-haspopup=\"true\"><img loading=\"lazy\" decoding=\"async\" width=\"369\" height=\"246\" src=\"https:\/\/a3at.com\/wp-content\/uploads\/2016\/04\/Portada_2-1.png\" class=\"attachment-full size-full wp-post-image\" alt=\"\" srcset=\"https:\/\/a3at.com\/wp-content\/uploads\/2016\/04\/Portada_2-1.png 369w, https:\/\/a3at.com\/wp-content\/uploads\/2016\/04\/Portada_2-1-300x200.png 300w\" sizes=\"(max-width: 369px) 100vw, 369px\" \/>\t\t<div class=\"fusion-rollover\">\n\t\t\t<div class=\"fusion-rollover-content\">\n\n\t\t\t\t\n\t\t\t\t\t\t\t\t\t\t\t<a class=\"fusion-rollover-link\" href=\"https:\/\/a3at.com\/index.php\/portfolio\/residencial\/\">Permalink<\/a>\n\t\t\t\t\t\n\t\t\t\t\t\t\t\t\t\t\t\n\t\t\t\t\t\t\t\t\t\t\t\t\t<div class=\"fusion-rollover-sep\"><\/div>\n\t\t\t\t\t\t\n\t\t\t\t\t\t\t\t\t\t\t\t\t\t\t\t\t\t\t\t<a class=\"fusion-rollover-gallery\" href=\"https:\/\/a3at.com\/wp-content\/uploads\/2016\/04\/Portada_2-1.png\" data-id=\"861\" data-rel=\"iLightbox[gallery-rw-1]\" data-title=\"Portada_2\" data-caption=\"\">Gallery<\/a>\t\t\t\t\t\t\t\t\t\t\t\t\t\t\t\n\t\t\t\t\t\t\t\t\t<h4 class=\"fusion-rollover-title\"><a href=\"https:\/\/a3at.com\/index.php\/portfolio\/residencial\/\">Residencial<\/a><\/h4>\n\t\t\t\t\n\t\t\t\t\n\t\t\t\t\n\t\t\t\t\n\t\t\t\t\n\t\t\t\t\t\t\t<\/div>\n\t\t<\/div>\n\t\t<\/div><\/div><\/div><div class=\"fusion-portfolio-post home fusion-col-spacing\"><div class=\"fusion-portfolio-content-wrapper\"><span class=\"entry-title\" style=\"display: none;\">Cristall<\/span><span class=\"vcard\" style=\"display: none;\"><span class=\"fn\"><a href=\"https:\/\/a3at.com\/index.php\/author\/a3at\/\" title=\"Entrades de A3at -\" rel=\"author\">A3at -<\/a><\/span><\/span><span class=\"updated\" style=\"display:none;\">2016-06-01T14:22:58+00:00<\/span><div class=\"fusion-image-wrapper\" aria-haspopup=\"true\"><img loading=\"lazy\" decoding=\"async\" width=\"369\" height=\"246\" src=\"https:\/\/a3at.com\/wp-content\/uploads\/2016\/04\/Portada_3-1.png\" class=\"attachment-full size-full wp-post-image\" alt=\"\" srcset=\"https:\/\/a3at.com\/wp-content\/uploads\/2016\/04\/Portada_3-1.png 369w, https:\/\/a3at.com\/wp-content\/uploads\/2016\/04\/Portada_3-1-300x200.png 300w\" sizes=\"(max-width: 369px) 100vw, 369px\" \/>\t\t<div class=\"fusion-rollover\">\n\t\t\t<div class=\"fusion-rollover-content\">\n\n\t\t\t\t\n\t\t\t\t\t\t\t\t\t\t\t<a class=\"fusion-rollover-link\" href=\"https:\/\/a3at.com\/index.php\/portfolio\/cristal\/\">Permalink<\/a>\n\t\t\t\t\t\n\t\t\t\t\t\t\t\t\t\t\t\n\t\t\t\t\t\t\t\t\t\t\t\t\t<div class=\"fusion-rollover-sep\"><\/div>\n\t\t\t\t\t\t\n\t\t\t\t\t\t\t\t\t\t\t\t\t\t\t\t\t\t\t\t<a class=\"fusion-rollover-gallery\" href=\"https:\/\/a3at.com\/wp-content\/uploads\/2016\/04\/Portada_3-1.png\" data-id=\"859\" data-rel=\"iLightbox[gallery-rw-1]\" data-title=\"Portada_3\" data-caption=\"\">Gallery<\/a>\t\t\t\t\t\t\t\t\t\t\t\t\t\t\t\n\t\t\t\t\t\t\t\t\t<h4 class=\"fusion-rollover-title\"><a href=\"https:\/\/a3at.com\/index.php\/portfolio\/cristal\/\">Cristall<\/a><\/h4>\n\t\t\t\t\n\t\t\t\t\n\t\t\t\t\n\t\t\t\t\n\t\t\t\t\n\t\t\t\t\t\t\t<\/div>\n\t\t<\/div>\n\t\t<\/div><\/div><\/div><div class=\"fusion-portfolio-post home fusion-col-spacing\"><div class=\"fusion-portfolio-content-wrapper\"><span class=\"entry-title\" style=\"display: none;\">Distribuidors<\/span><span class=\"vcard\" style=\"display: none;\"><span class=\"fn\"><a href=\"https:\/\/a3at.com\/index.php\/author\/a3at\/\" title=\"Entrades de A3at -\" rel=\"author\">A3at -<\/a><\/span><\/span><span class=\"updated\" style=\"display:none;\">2016-06-01T14:23:39+00:00<\/span><div class=\"fusion-image-wrapper\" aria-haspopup=\"true\"><img loading=\"lazy\" decoding=\"async\" width=\"369\" height=\"246\" src=\"https:\/\/a3at.com\/wp-content\/uploads\/2016\/04\/Portada_4.png\" class=\"attachment-full size-full wp-post-image\" alt=\"\" srcset=\"https:\/\/a3at.com\/wp-content\/uploads\/2016\/04\/Portada_4.png 369w, https:\/\/a3at.com\/wp-content\/uploads\/2016\/04\/Portada_4-300x200.png 300w\" sizes=\"(max-width: 369px) 100vw, 369px\" \/>\t\t<div class=\"fusion-rollover\">\n\t\t\t<div class=\"fusion-rollover-content\">\n\n\t\t\t\t\n\t\t\t\t\t\t\t\t\t\t\t<a class=\"fusion-rollover-link\" href=\"https:\/\/a3at.com\/index.php\/portfolio\/distribuidores\/\">Permalink<\/a>\n\t\t\t\t\t\n\t\t\t\t\t\t\t\t\t\t\t\n\t\t\t\t\t\t\t\t\t\t\t\t\t<div class=\"fusion-rollover-sep\"><\/div>\n\t\t\t\t\t\t\n\t\t\t\t\t\t\t\t\t\t\t\t\t\t\t\t\t\t\t\t<a class=\"fusion-rollover-gallery\" href=\"https:\/\/a3at.com\/wp-content\/uploads\/2016\/04\/Portada_4.png\" data-id=\"857\" data-rel=\"iLightbox[gallery-rw-1]\" data-title=\"Portada_4\" data-caption=\"\">Gallery<\/a>\t\t\t\t\t\t\t\t\t\t\t\t\t\t\t\n\t\t\t\t\t\t\t\t\t<h4 class=\"fusion-rollover-title\"><a href=\"https:\/\/a3at.com\/index.php\/portfolio\/distribuidores\/\">Distribuidors<\/a><\/h4>\n\t\t\t\t\n\t\t\t\t\n\t\t\t\t\n\t\t\t\t\n\t\t\t\t\n\t\t\t\t\t\t\t<\/div>\n\t\t<\/div>\n\t\t<\/div><\/div><\/div><div class=\"fusion-portfolio-post home fusion-col-spacing\"><div class=\"fusion-portfolio-content-wrapper\"><span class=\"entry-title\" style=\"display: none;\">Arbres<\/span><span class=\"vcard\" style=\"display: none;\"><span class=\"fn\"><a href=\"https:\/\/a3at.com\/index.php\/author\/a3at\/\" title=\"Entrades de A3at -\" rel=\"author\">A3at -<\/a><\/span><\/span><span class=\"updated\" style=\"display:none;\">2016-06-01T14:23:45+00:00<\/span><div class=\"fusion-image-wrapper\" aria-haspopup=\"true\"><img loading=\"lazy\" decoding=\"async\" width=\"369\" height=\"246\" src=\"https:\/\/a3at.com\/wp-content\/uploads\/2016\/04\/Portada_5-1.jpg\" class=\"attachment-full size-full wp-post-image\" alt=\"\" srcset=\"https:\/\/a3at.com\/wp-content\/uploads\/2016\/04\/Portada_5-1.jpg 369w, https:\/\/a3at.com\/wp-content\/uploads\/2016\/04\/Portada_5-1-300x200.jpg 300w\" sizes=\"(max-width: 369px) 100vw, 369px\" \/>\t\t<div class=\"fusion-rollover\">\n\t\t\t<div class=\"fusion-rollover-content\">\n\n\t\t\t\t\n\t\t\t\t\t\t\t\t\t\t\t<a class=\"fusion-rollover-link\" href=\"https:\/\/a3at.com\/index.php\/portfolio\/arboles\/\">Permalink<\/a>\n\t\t\t\t\t\n\t\t\t\t\t\t\t\t\t\t\t\n\t\t\t\t\t\t\t\t\t\t\t\t\t<div class=\"fusion-rollover-sep\"><\/div>\n\t\t\t\t\t\t\n\t\t\t\t\t\t\t\t\t\t\t\t\t\t\t\t\t\t\t\t<a class=\"fusion-rollover-gallery\" href=\"https:\/\/a3at.com\/wp-content\/uploads\/2016\/04\/Portada_5-1.jpg\" data-id=\"854\" data-rel=\"iLightbox[gallery-rw-1]\" data-title=\"Portada_5\" data-caption=\"\">Gallery<\/a>\t\t\t\t\t\t\t\t\t\t\t\t\t\t\t\n\t\t\t\t\t\t\t\t\t<h4 class=\"fusion-rollover-title\"><a href=\"https:\/\/a3at.com\/index.php\/portfolio\/arboles\/\">Arbres<\/a><\/h4>\n\t\t\t\t\n\t\t\t\t\n\t\t\t\t\n\t\t\t\t\n\t\t\t\t\n\t\t\t\t\t\t\t<\/div>\n\t\t<\/div>\n\t\t<\/div><\/div><\/div><div class=\"fusion-portfolio-post home fusion-col-spacing\"><div class=\"fusion-portfolio-content-wrapper\"><span class=\"entry-title\" style=\"display: none;\">Edificis<\/span><span class=\"vcard\" style=\"display: none;\"><span class=\"fn\"><a href=\"https:\/\/a3at.com\/index.php\/author\/a3at\/\" title=\"Entrades de A3at -\" rel=\"author\">A3at -<\/a><\/span><\/span><span class=\"updated\" style=\"display:none;\">2016-06-01T14:23:51+00:00<\/span><div class=\"fusion-image-wrapper\" aria-haspopup=\"true\"><img loading=\"lazy\" decoding=\"async\" width=\"369\" height=\"246\" src=\"https:\/\/a3at.com\/wp-content\/uploads\/2016\/04\/Portada_6-1.png\" class=\"attachment-full size-full wp-post-image\" alt=\"\" srcset=\"https:\/\/a3at.com\/wp-content\/uploads\/2016\/04\/Portada_6-1.png 369w, https:\/\/a3at.com\/wp-content\/uploads\/2016\/04\/Portada_6-1-300x200.png 300w\" sizes=\"(max-width: 369px) 100vw, 369px\" \/>\t\t<div class=\"fusion-rollover\">\n\t\t\t<div class=\"fusion-rollover-content\">\n\n\t\t\t\t\n\t\t\t\t\t\t\t\t\t\t\t<a class=\"fusion-rollover-link\" href=\"https:\/\/a3at.com\/index.php\/portfolio\/edificios\/\">Permalink<\/a>\n\t\t\t\t\t\n\t\t\t\t\t\t\t\t\t\t\t\n\t\t\t\t\t\t\t\t\t\t\t\t\t<div class=\"fusion-rollover-sep\"><\/div>\n\t\t\t\t\t\t\n\t\t\t\t\t\t\t\t\t\t\t\t\t\t\t\t\t\t\t\t<a class=\"fusion-rollover-gallery\" href=\"https:\/\/a3at.com\/wp-content\/uploads\/2016\/04\/Portada_6-1.png\" data-id=\"851\" data-rel=\"iLightbox[gallery-rw-1]\" data-title=\"Portada_6\" data-caption=\"\">Gallery<\/a>\t\t\t\t\t\t\t\t\t\t\t\t\t\t\t\n\t\t\t\t\t\t\t\t\t<h4 class=\"fusion-rollover-title\"><a href=\"https:\/\/a3at.com\/index.php\/portfolio\/edificios\/\">Edificis<\/a><\/h4>\n\t\t\t\t\n\t\t\t\t\n\t\t\t\t\n\t\t\t\t\n\t\t\t\t\n\t\t\t\t\t\t\t<\/div>\n\t\t<\/div>\n\t\t<\/div><\/div><\/div><\/div><\/div><\/div><\/div>[\/vc_column_text][\/vc_column][\/vc_row][vc_row][vc_column][vc_column_text]<\/p>\n<h2>Servicios t\u00e9cnicos<\/h2>\n<p>[\/vc_column_text][\/vc_column][\/vc_row][vc_row][vc_column width=&#8221;1\/3&#8243;][vc_single_image image=&#8221;1307&#8243; img_size=&#8221;thumbnail 1920 x 900&#8243; alignment=&#8221;center&#8221;][vc_single_image image=&#8221;1310&#8243; img_size=&#8221;thumbnail 1920&#215;1080&#8243;][\/vc_column][vc_column width=&#8221;1\/3&#8243;][vc_single_image image=&#8221;1308&#8243; img_size=&#8221;thumbnail 1920 x 900&#8243;][vc_single_image image=&#8221;1311&#8243; img_size=&#8221;thumbnail 1920&#215;1080&#8243;][\/vc_column][vc_column width=&#8221;1\/3&#8243;][vc_single_image image=&#8221;1309&#8243; img_size=&#8221;thumbnail 1920 x 900&#8243;][vc_single_image image=&#8221;1312&#8243; img_size=&#8221;thumbnail 1920&#215;1080&#8243;][\/vc_column][\/vc_row]<\/p>\n<\/div>","protected":false},"excerpt":{"rendered":"<p>[vc_row][vc_column][vc_column_text][\/vc_column_text][\/vc_column][\/vc_row][vc_row][vc_column][vc_column_text] Servicios t\u00e9cnicos [\/vc_column_text][\/vc_column][\/vc_row][vc_row][vc_column width=&#8221;1\/3&#8243;][vc_single_image image=&#8221;1307&#8243; img_size=&#8221;thumbnail 1920 x 900&#8243; alignment=&#8221;center&#8221;][vc_single_image image=&#8221;1310&#8243; img_size=&#8221;thumbnail 1920&#215;1080&#8243;][\/vc_column][vc_column width=&#8221;1\/3&#8243;][vc_single_image image=&#8221;1308&#8243; img_size=&#8221;thumbnail 1920 x 900&#8243;][vc_single_image image=&#8221;1311&#8243; img_size=&#8221;thumbnail 1920&#215;1080&#8243;][\/vc_column][vc_column width=&#8221;1\/3&#8243;][vc_single_image image=&#8221;1309&#8243; img_size=&#8221;thumbnail 1920 x 900&#8243;][vc_single_image image=&#8221;1312&#8243; img_size=&#8221;thumbnail 1920&#215;1080&#8243;][\/vc_column][\/vc_row]<\/p>\n","protected":false},"author":6,"featured_media":0,"parent":0,"menu_order":0,"comment_status":"closed","ping_status":"open","template":"100-width.php","meta":{"footnotes":""},"class_list":["post-7","page","type-page","status-publish","hentry"],"_links":{"self":[{"href":"https:\/\/a3at.com\/index.php\/wp-json\/wp\/v2\/pages\/7"}],"collection":[{"href":"https:\/\/a3at.com\/index.php\/wp-json\/wp\/v2\/pages"}],"about":[{"href":"https:\/\/a3at.com\/index.php\/wp-json\/wp\/v2\/types\/page"}],"author":[{"embeddable":true,"href":"https:\/\/a3at.com\/index.php\/wp-json\/wp\/v2\/users\/6"}],"replies":[{"embeddable":true,"href":"https:\/\/a3at.com\/index.php\/wp-json\/wp\/v2\/comments?post=7"}],"version-history":[{"count":5,"href":"https:\/\/a3at.com\/index.php\/wp-json\/wp\/v2\/pages\/7\/revisions"}],"predecessor-version":[{"id":1313,"href":"https:\/\/a3at.com\/index.php\/wp-json\/wp\/v2\/pages\/7\/revisions\/1313"}],"wp:attachment":[{"href":"https:\/\/a3at.com\/index.php\/wp-json\/wp\/v2\/media?parent=7"}],"curies":[{"name":"wp","href":"https:\/\/api.w.org\/{rel}","templated":true}]}}