{"id":11,"date":"2015-02-10T19:21:34","date_gmt":"2015-02-10T19:21:34","guid":{"rendered":"http:\/\/theme-fusion.com\/avada_demos\/architecture\/?page_id=11"},"modified":"2016-04-20T20:58:02","modified_gmt":"2016-04-20T20:58:02","slug":"consultoria-i-serveis","status":"publish","type":"page","link":"https:\/\/a3at.com\/index.php\/consultoria-i-serveis\/","title":{"rendered":"Consultoria i Serveis"},"content":{"rendered":"<div class=\"fusion-one-full fusion-layout-column fusion-column-last fusion-spacing-yes titulo\" style=\"margin-top:0px;margin-bottom:-50px;\"><div class=\"fusion-column-wrapper\" style=\"background:url(https:\/\/a3at.com\/wp-content\/uploads\/2015\/05\/tit-bg.jpg) center center no-repeat ;-webkit-background-size:cover;-moz-background-size:cover;-o-background-size:cover;background-size:cover;\" data-bg-url=\"https:\/\/a3at.com\/wp-content\/uploads\/2015\/05\/tit-bg.jpg\"><div class=\"fusion-sep-clear\"><\/div><div class=\"fusion-separator fusion-full-width-sep sep-none\" style=\"border-color:#e0dede;margin-left: auto;margin-right: auto;margin-top:50px;\"><\/div><h1 style=\"margin-left:10%\">CONSULTORIA I SERVEIS<\/h1>\n<div class=\"fusion-sep-clear\"><\/div><div class=\"fusion-separator fusion-full-width-sep sep-none\" style=\"border-color:#e0dede;margin-left: auto;margin-right: auto;margin-top:50px;\"><\/div><div class=\"fusion-clearfix\"><\/div><\/div><\/div><div class=\"fusion-clearfix\"><\/div><div class=\"fusion-fullwidth fullwidth-box fusion-fullwidth-1  fusion-parallax-none nonhundred-percent-fullwidth\" style=\"border-color:#eae9e9;border-bottom-width: 0px;border-top-width: 0px;border-bottom-style: solid;border-top-style: solid;padding-bottom:150px;padding-top:150px;padding-left:0px;padding-right:0px;\"><style type=\"text\/css\" scoped=\"scoped\">.fusion-fullwidth-1 {\n                            padding-left: 0px !important;\n                            padding-right: 0px !important;\n                        }<\/style><div class=\"fusion-row\"><div class=\"fusion-one-full fusion-layout-column fusion-column-last fusion-spacing-yes\" style=\"margin-top:0px;margin-bottom:20px;\"><div class=\"fusion-column-wrapper\"><h3 style=\"text-align: center; font-size: 22px;\"><strong>A3, arquitectura t\u00e8cnica est\u00e0 orientada professionalment en dos especialitats:<\/strong><\/h3>\n<div class=\"fusion-sep-clear\"><\/div><div class=\"fusion-separator fusion-full-width-sep sep-none\" style=\"border-color:#e0dede;margin-left: auto;margin-right: auto;margin-top:;margin-bottom:50px;\"><\/div><div class=\"fusion-clearfix\"><\/div><\/div><\/div><div class=\"fusion-clearfix\"><\/div><div class=\"fusion-one-half fusion-layout-column fusion-spacing-yes\" style=\"margin-top:0px;margin-bottom:20px;\"><div class=\"fusion-column-wrapper\"><h2 style=\"text-align: center;\">SERVEIS T\u00c8CNICS<\/h2>\n<h3 style=\"text-align: left;\"><span style=\"color: #2c3e50; font-weight: bold; font-size: 25px;\">+<\/span> \u00a0 Projectes d\u2019enderroc<\/h3>\n<h3 style=\"text-align: left;\"><span style=\"color: #2c3e50; font-weight: bold; font-size: 25px;\">+<\/span> \u00a0 Projectes de rehabilitaci\u00f3, reforma i decoraci\u00f3<\/h3>\n<h3 style=\"text-align: left;\"><span style=\"color: #2c3e50; font-weight: bold; font-size: 25px;\">+<\/span> \u00a0 Col\u2022laboraci\u00f3 en la redacci\u00f3 de projectes<\/h3>\n<h3 style=\"text-align: left;\"><span style=\"color: #2c3e50; font-weight: bold; font-size: 25px;\">+<\/span> \u00a0 Estudis econ\u00f2mics i de viabilitat<\/h3>\n<h3 style=\"text-align: left;\"><span style=\"color: #2c3e50; font-weight: bold; font-size: 25px;\">+<\/span> \u00a0 Project management en edificaci\u00f3 i urbanisme<\/h3>\n<h3 style=\"text-align: left;\"><span style=\"color: #2c3e50; font-weight: bold; font-size: 25px;\">+<\/span> \u00a0 Direccions d\u2019execuci\u00f3 d\u2019obra Control de qualitat en el proc\u00e9s d\u2019execuci\u00f3<\/h3>\n<h3 style=\"text-align: left;\"><span style=\"color: #2c3e50; font-weight: bold; font-size: 25px;\">+<\/span> \u00a0 Control econ\u00f2mic d\u2019obra<\/h3>\n<h3 style=\"text-align: left;\"><span style=\"color: #2c3e50; font-weight: bold; font-size: 25px;\">+<\/span> \u00a0 Facilities management<\/h3>\n<h3 style=\"text-align: left;\"><span style=\"color: #2c3e50; font-weight: bold; font-size: 25px;\">+<\/span> \u00a0 Inspecci\u00f3 t\u00e8cnica d\u2019edificis (ITE)<\/h3>\n<h3 style=\"text-align: left;\"><span style=\"color: #2c3e50; font-weight: bold; font-size: 25px;\">+<\/span> \u00a0 Certificaci\u00f3 energ\u00e8tica<\/h3>\n<h3 style=\"text-align: left;\"><span style=\"color: #2c3e50; font-weight: bold; font-size: 25px;\">+<\/span> \u00a0 C\u00e8dules d\u2019habitabilitat<\/h3>\n<h3 style=\"text-align: left;\"><span style=\"color: #2c3e50; font-weight: bold; font-size: 25px;\">+<\/span> \u00a0 Informes, dict\u00e0mens i peritatges<\/h3>\n<div class=\"fusion-clearfix\"><\/div><\/div><\/div><div class=\"fusion-one-half fusion-layout-column fusion-column-last fusion-spacing-yes\" style=\"margin-top:0px;margin-bottom:20px;\"><div class=\"fusion-column-wrapper\"><h2 style=\"text-align: center;\">SEGURETAT I SALUT<\/h2>\n<h3 style=\"text-align: left;\"><span style=\"color: #2c3e50; font-weight: bold; font-size: 25px;\">+<\/span> \u00a0 Assessoria t\u00e8cnica i auditoria de seguretat<\/h3>\n<h3 style=\"text-align: left;\"><span style=\"color: #2c3e50; font-weight: bold; font-size: 25px;\">+<\/span> \u00a0 Redacci\u00f3 d\u2019Estudi de seguretat i salut<\/h3>\n<h3 style=\"text-align: left;\"><span style=\"color: #2c3e50; font-weight: bold; font-size: 25px;\">+<\/span> \u00a0 Redacci\u00f3 del pla de seguretat<\/h3>\n<h3 style=\"text-align: left;\"><span style=\"color: #2c3e50; font-weight: bold; font-size: 25px;\">+<\/span> \u00a0 Coordinaci\u00f3 de seguretat en fase de projecte<\/h3>\n<h3 style=\"text-align: left;\"><span style=\"color: #2c3e50; font-weight: bold; font-size: 25px;\">+<\/span> \u00a0 Coordinaci\u00f3 de seguretat en fase d\u2019execuci\u00f3<\/h3>\n<div class=\"fusion-clearfix\"><\/div><\/div><\/div><div class=\"fusion-clearfix\"><\/div><\/div><\/div>\n","protected":false},"excerpt":{"rendered":"CONSULTORIA I SERVEIS A3, arquitectura t\u00e8cnica est\u00e0 orientada professionalment en dos especialitats: SERVEIS T\u00c8CNICS + \u00a0 Projectes d\u2019enderroc + \u00a0 Projectes de rehabilitaci\u00f3, reforma i decoraci\u00f3 + \u00a0 Col\u2022laboraci\u00f3 en la redacci\u00f3 de projectes + \u00a0 Estudis econ\u00f2mics i de viabilitat + \u00a0 Project management en edificaci\u00f3 i urbanisme + \u00a0 Direccions d\u2019execuci\u00f3 d\u2019obra Control [...]","protected":false},"author":6,"featured_media":0,"parent":0,"menu_order":0,"comment_status":"closed","ping_status":"open","template":"100-width.php","meta":{"footnotes":""},"class_list":["post-11","page","type-page","status-publish","hentry"],"_links":{"self":[{"href":"https:\/\/a3at.com\/index.php\/wp-json\/wp\/v2\/pages\/11"}],"collection":[{"href":"https:\/\/a3at.com\/index.php\/wp-json\/wp\/v2\/pages"}],"about":[{"href":"https:\/\/a3at.com\/index.php\/wp-json\/wp\/v2\/types\/page"}],"author":[{"embeddable":true,"href":"https:\/\/a3at.com\/index.php\/wp-json\/wp\/v2\/users\/6"}],"replies":[{"embeddable":true,"href":"https:\/\/a3at.com\/index.php\/wp-json\/wp\/v2\/comments?post=11"}],"version-history":[{"count":8,"href":"https:\/\/a3at.com\/index.php\/wp-json\/wp\/v2\/pages\/11\/revisions"}],"predecessor-version":[{"id":941,"href":"https:\/\/a3at.com\/index.php\/wp-json\/wp\/v2\/pages\/11\/revisions\/941"}],"wp:attachment":[{"href":"https:\/\/a3at.com\/index.php\/wp-json\/wp\/v2\/media?parent=11"}],"curies":[{"name":"wp","href":"https:\/\/api.w.org\/{rel}","templated":true}]}}

<div class="fusion-one-full fusion-layout-column fusion-column-last fusion-spacing-yes titulo" style="margin-top:0px;margin-bottom:-50px;"><div class="fusion-column-wrapper" style="background:url(https://a3at.com/wp-content/uploads/2015/05/tit-bg.jpg) center center no-repeat ;-webkit-background-size:cover;-moz-background-size:cover;-o-background-size:cover;background-size:cover;" data-bg-url="https://a3at.com/wp-content/uploads/2015/05/tit-bg.jpg"><div class="fusion-sep-clear"></div><div class="fusion-separator fusion-full-width-sep sep-none" style="border-color:#e0dede;margin-left: auto;margin-right: auto;margin-top:50px;"></div><h1 style="margin-left:10%">CONSULTORIA I SERVEIS</h1>
<div class="fusion-sep-clear"></div><div class="fusion-separator fusion-full-width-sep sep-none" style="border-color:#e0dede;margin-left: auto;margin-right: auto;margin-top:50px;"></div><div class="fusion-clearfix"></div></div></div><div class="fusion-clearfix"></div><div class="fusion-fullwidth fullwidth-box fusion-fullwidth-1  fusion-parallax-none nonhundred-percent-fullwidth" style="border-color:#eae9e9;border-bottom-width: 0px;border-top-width: 0px;border-bottom-style: solid;border-top-style: solid;padding-bottom:150px;padding-top:150px;padding-left:0px;padding-right:0px;"><style type="text/css" scoped="scoped">.fusion-fullwidth-1 {
                            padding-left: 0px !important;
                            padding-right: 0px !important;
                        }</style><div class="fusion-row"><div class="fusion-one-full fusion-layout-column fusion-column-last fusion-spacing-yes" style="margin-top:0px;margin-bottom:20px;"><div class="fusion-column-wrapper"><h3 style="text-align: center; font-size: 22px;"><strong>A3, arquitectura tècnica està orientada professionalment en dos especialitats:</strong></h3>
<div class="fusion-sep-clear"></div><div class="fusion-separator fusion-full-width-sep sep-none" style="border-color:#e0dede;margin-left: auto;margin-right: auto;margin-top:;margin-bottom:50px;"></div><div class="fusion-clearfix"></div></div></div><div class="fusion-clearfix"></div><div class="fusion-one-half fusion-layout-column fusion-spacing-yes" style="margin-top:0px;margin-bottom:20px;"><div class="fusion-column-wrapper"><h2 style="text-align: center;">SERVEIS TÈCNICS</h2>
<h3 style="text-align: left;"><span style="color: #2c3e50; font-weight: bold; font-size: 25px;">+</span>   Projectes d’enderroc</h3>
<h3 style="text-align: left;"><span style="color: #2c3e50; font-weight: bold; font-size: 25px;">+</span>   Projectes de rehabilitació, reforma i decoració</h3>
<h3 style="text-align: left;"><span style="color: #2c3e50; font-weight: bold; font-size: 25px;">+</span>   Col•laboració en la redacció de projectes</h3>
<h3 style="text-align: left;"><span style="color: #2c3e50; font-weight: bold; font-size: 25px;">+</span>   Estudis econòmics i de viabilitat</h3>
<h3 style="text-align: left;"><span style="color: #2c3e50; font-weight: bold; font-size: 25px;">+</span>   Project management en edificació i urbanisme</h3>
<h3 style="text-align: left;"><span style="color: #2c3e50; font-weight: bold; font-size: 25px;">+</span>   Direccions d’execució d’obra Control de qualitat en el procés d’execució</h3>
<h3 style="text-align: left;"><span style="color: #2c3e50; font-weight: bold; font-size: 25px;">+</span>   Control econòmic d’obra</h3>
<h3 style="text-align: left;"><span style="color: #2c3e50; font-weight: bold; font-size: 25px;">+</span>   Facilities management</h3>
<h3 style="text-align: left;"><span style="color: #2c3e50; font-weight: bold; font-size: 25px;">+</span>   Inspecció tècnica d’edificis (ITE)</h3>
<h3 style="text-align: left;"><span style="color: #2c3e50; font-weight: bold; font-size: 25px;">+</span>   Certificació energètica</h3>
<h3 style="text-align: left;"><span style="color: #2c3e50; font-weight: bold; font-size: 25px;">+</span>   Cèdules d’habitabilitat</h3>
<h3 style="text-align: left;"><span style="color: #2c3e50; font-weight: bold; font-size: 25px;">+</span>   Informes, dictàmens i peritatges</h3>
<div class="fusion-clearfix"></div></div></div><div class="fusion-one-half fusion-layout-column fusion-column-last fusion-spacing-yes" style="margin-top:0px;margin-bottom:20px;"><div class="fusion-column-wrapper"><h2 style="text-align: center;">SEGURETAT I SALUT</h2>
<h3 style="text-align: left;"><span style="color: #2c3e50; font-weight: bold; font-size: 25px;">+</span>   Assessoria tècnica i auditoria de seguretat</h3>
<h3 style="text-align: left;"><span style="color: #2c3e50; font-weight: bold; font-size: 25px;">+</span>   Redacció d’Estudi de seguretat i salut</h3>
<h3 style="text-align: left;"><span style="color: #2c3e50; font-weight: bold; font-size: 25px;">+</span>   Redacció del pla de seguretat</h3>
<h3 style="text-align: left;"><span style="color: #2c3e50; font-weight: bold; font-size: 25px;">+</span>   Coordinació de seguretat en fase de projecte</h3>
<h3 style="text-align: left;"><span style="color: #2c3e50; font-weight: bold; font-size: 25px;">+</span>   Coordinació de seguretat en fase d’execució</h3>
<div class="fusion-clearfix"></div></div></div><div class="fusion-clearfix"></div></div></div>

CONSULTORIA I SERVEIS A3, arquitectura tècnica està orientada professionalment en dos especialitats: SERVEIS TÈCNICS +   Projectes d’enderroc +   Projectes de rehabilitació, reforma i decoració +   Col•laboració en la redacció de projectes +   Estudis econòmics i de viabilitat +   Project management en edificació i urbanisme +   Direccions d’execució d’obra Control [...]
